+ 55. List the prime factors of h.
2, 7
Let f = -9 + 18. Suppose 5*o - f = -5*j + 66, -j = 3*o - 37. Let g(x) = x - 6. List the prime factors of g(o).
5
Suppose 0*h - 4*h = 0. Suppose 3*s = -4*t + 64, 2*s + 2*t + t - 44 = h. What are the prime factors of s?
2
Suppose -2*x + 25 = -3*q, -q + 2*x = -2 + 5. Let p = -6 - q. What are the prime factors of p?
5
Let x(q) = -q - 3. Let v be x(-4). Suppose -2*b = -11 - v. What are the prime factors of b?
2, 3
Suppose -5*u = -4*t + 33, 5*t - u - 45 = t. Let m be (88/t)/((-2)/27). List the prime factors of m/(-6) - 1/2.
2
Let x(q) = 7*q**2 - 7*q + 3. Let c(s) = -11*s**2 + 11*s - 5. Let v(y) = 5*c(y) + 8*x(y). List the prime factors of v(4).
11
Suppose -g + 3*g - 92 = 0. What are the prime factors of g?
2, 23
Suppose 2*y = -z - 0*y + 30, -4*z - 2*y + 120 = 0. Suppose 3*j = j + 4. Suppose -j*b - 23 = -3*x, -6*x + 2*x + 2*b = -z. List the prime factors of x.
7
Let r = -114 + 204. Let c = r + -51. List the prime factors of c.
3, 13
Let d = 11 - 9. Suppose -3*j = -3*n + 6, -8*n = -3*n + d*j - 24. Suppose 0 = p - 5*p - 5*o - 3, -5*p = n*o - 3. List the prime factors of p.
3
Suppose 0 = -i + 2*w + 59, 2*w = i + 4*w - 63. What are the prime factors of i?
61
Suppose 0 = k + 2*k. Let u = 8 + k. Let b(y) = -y**3 + 7*y**2 + 9*y - 4. What are the prime factors of b(u)?
2
Let u(z) = -2*z + z + 3 + 0 + 0. Let i = -1 + 1. What are the prime factors of u(i)?
3
Let v = 89 - 15. What are the prime factors of v?
2, 37
Let m(x) be the first derivative of x**4/4 + 4*x**3/3 - x**2 + x - 2. Let r be (3/4)/((-1)/4). What are the prime factors of m(r)?
2
Suppose 3*x = -x + 28. Suppose f + 2 = x. Let a = -1 + f. List the prime factors of a.
2
Let t be ((-8)/(-6))/((-4)/(-24)). Let d(b) = 2*b + 11. List the prime factors of d(t).
3
What are the prime factors of 214/6 - (-10)/(-15)?
5, 7
Suppose 4*k - 2*t = 16 + 60, 5*t = 20. Suppose -3*h + 6 = -k. List the prime factors of h.
3
Suppose 3*z + z - 48 = 0. Let o = 22 - z. Let h = o - 5. List the prime factors of h.
5
Let v(b) = -b**3 - 4*b**2 - b - 4. Let y be v(-4). Suppose -6 = -2*u - y. Suppose 0*t + 56 = 4*t - u*h, 0 = t - 5*h - 31. What are the prime factors of t?
11
Let x(v) = v - 7*v**3 + 2*v**2 - 2*v**3 - 6*v**3. What are the prime factors of x(-1)?
2
Let i(w) = 11*w**3 - 26*w**2 - 21*w + 4. Let b(c) = 4*c**3 - 9*c**2 - 7*c + 1. Let d(k) = -8*b(k) + 3*i(k). What are the prime factors of d(7)?
2
Suppose -5*x = -2*d - 78, -d + 0*d = -1. Suppose -4 + x = 4*m. Suppose 4*o - 20 = -4*a, -4*o + 65 = o - m*a. List the prime factors of o.
2, 5
Suppose -4 + 28 = 4*a. Suppose a = q - 7. List the prime factors of q.
13
Suppose 0 = -4*g + 11 + 1, 2*t - 3*g = 79. List the prime factors of t.
2, 11
Let s(u) = -7*u**2 + 1. Let f be s(-1). Let a be 7 - (-3)/(f/4). What are the prime factors of 6/4*70/a?
3, 7
What are the prime factors of (-7)/(-4)*408/17?
2, 3, 7
Suppose 5 = -s + 2*n, 2*n = 3*s + 4*n + 39. Let y be 2/(2*1/4). List the prime factors of (-3 + y)/((-1)/s).
11
Suppose 4*o = 5*m + 182, -3*m = 2*o - 4*o + 90. List the prime factors of o.
2, 3
Let x = -2 + 1. Let a(j) = j - 3. Let m be a(3). List the prime factors of (m - x) + 1 + 0.
2
Let t(s) = 32*s - 14. List the prime factors of t(8).
2, 11
Suppose -8*g = 5*f - 3*g + 35, -2*g - 20 = 3*f. Let k be (-1)/(15/f - -3). List the prime factors of 12 + ((-4)/k - 0).
2, 7
Let j be (-858)/(-14) - 2/7. Suppose -5*n - v + 160 = 4*v, 2*v - 8 = 0. Suppose 5*q = -2*b + j, b = 2*q - 0*q - n. List the prime factors of q.
13
Let i = -315 + 442. What are the prime factors of i?
127
Let h = 6 + -1. Suppose -o = o - h*k + 14, -5*k + 6 = 2*o. List the prime factors of (8 + -2)*(3 + o).
2, 3
Suppose 3*o = 3*m - 420, -4*m = 3*o - 8*o - 565. What are the prime factors of m?
3, 5
Suppose 3*u + 2*t = 13 - 59, 25 = -5*t. Let r be ((-3)/9)/(2/u). List the prime factors of 4 + (-3 - r/(-2)).
2
Let r(z) = -14*z**2 - 26*z + 1. Let u(q) = 5*q**2 + 9*q. Let i(s) = 4*r(s) + 11*u(s). List the prime factors of i(-3).
2, 5
Let j = -10 + 10. Suppose 5*m + 3*p + 0*p - 95 = 0, 2*p = j. List the prime factors of m.
19
Let v(z) = 9*z**2 + 2*z. What are the prime factors of v(2)?
2, 5
List the prime factors of -4 + 3 + (-693)/(-3) + 3.
233
Suppose 4*q + 273 = -103. Let s be 3/(-6)*-1*q. Let g = -29 - s. List the prime factors of g.
2, 3
Let f(l) be the first derivative of 7*l**2/2 - l + 4. What are the prime factors of f(3)?
2, 5
Suppose -3*p + 9 + 3 = 0. Suppose -p*k - k + 65 = w, 3*w - 65 = -5*k. What are the prime factors of k?
13
Let z(p) be the first derivative of 9*p**2/2 + 2*p - 4. List the prime factors of z(1).
11
Suppose 2*l - 2*k - 144 = -4*k, 52 = l + 5*k. Let v = l - 43. List the prime factors of v.
2, 17
Suppose 0 = -3*d + d + 46. What are the prime factors of d?
23
Let j(x) = x**2 + 3*x + 2. Suppose 0 = 4*d + 5*w - 12, -5*d + d - 2*w + 12 = 0. List the prime factors of j(d).
2, 5
Let y = 110 + -32. List the prime factors of y.
2, 3, 13
What are the prime factors of 30*4*(-2)/(-16)?
3, 5
Suppose 3*k + o = -0*o + 13, -5*k + 2*o = -18. Suppose 0*a + 12 = -k*a. Let q = 8 + a. List the prime factors of q.
5
Let b = -12 + 20. Suppose 3*c = -4*x + 13, 3*c = 2*x - 5*x + 12. Let u = b - c. List the prime factors of u.
5
List the prime factors of (5/(-20)*206)/((-3)/6).
103
Let q = 2 + 6. Let a(r) = q*r - 1 - 2*r + 7*r. What are the prime factors of a(1)?
2, 3
Let u = 61 - -14. List the prime factors of u.
3, 5
Suppose -2*p = -p + 4*j - 54, 3*p = -j + 140. What are the prime factors of p?
2, 23
Suppose 3*o + 4*k - 27 = 0, -5*o = -5*k - 11 + 1. What are the prime factors of o?
5
Let l(f) = -16*f - 4. Let h be l(3). What are the prime factors of h*(6/(-4) - -1)?
2, 13
Suppose 0 = -9*d + 7 + 11. List the prime factors of d.
2
Suppose 0 = -u - 2*m + 42, -4*m + 3*m = 5*u - 219. List the prime factors of u.
2, 11
Suppose c - 2*c + 10 = 0. Suppose c*x - 105 = 5*x. What are the prime factors of x?
3, 7
List the prime factors of 2/(-6) - (-4 + (-397)/3).
2, 17
Let x = -33 - -20. Let i = -5 - x. What are the prime factors of i?
2
Let n(k) = 3*k**3 - 4*k - 4. What are the prime factors of n(3)?
5, 13
Let z(i) = -9*i - 1. Let x(p) = p**3 + 2*p**2 + 2*p + 3. Let c be x(-2). What are the prime factors of z(c)?
2
Let g = 2 - 1. Suppose 9 + g = y. List the prime factors of y.
2, 5
Let r = 2 + 1. Let j(p) = p**2 + 2. List the prime factors of j(r).
11
Let l be 0/(-1) - (-5 - -1). Let t be 65/l - 2/8. List the prime factors of (t/(-1))/(-1 + 0).
2
Suppose -n + 30 = -17. List the prime factors of n.
47
Let u(m) = m**3 + 5*m**2 - m - 3. Let r be u(-5). Suppose -w - r - 3 = 0. Let v = 0 - w. List the prime factors of v.
5
Suppose 2*h = 4*g + 10, 2*h - 3*g - 9 = -0*h. Let t(r) = r**3 - 3*r**2 + 3*r - 3. What are the prime factors of t(h)?
2, 3
Let d(q) = 3*q - 4. Let h(u) = -3*u + 3. Let y(k) = -k + 1. Let g(n) = -4*h(n) + 11*y(n). Let x(f) = -2*d(f) + 7*g(f). List the prime factors of x(2).
3
Suppose -7 = -3*m + 2*m + 5*q, 2*m - 4*q = 32. List the prime factors of m.
2, 11
Let s(n) = -3*n + 1. What are the prime factors of s(-5)?
2
Let r = 49 + -34. List the prime factors of r.
3, 5
Suppose 0 = -2*j - 4*k + 18, -4*j - 9 = -k - 0. Let i = j - -3. List the prime factors of i + 1 - (2 + -1).
2
Suppose 0*y - y = 0. Let n be y + 0*(-1)/2. Let g(p) = p**2 + p + 19. What are the prime factors of g(n)?
19
Let d(f) = 2*f**2 + 2*f - 7. What are the prime factors of d(4)?
3, 11
Let i = -5 + 5. Let b = 5 - i. What are the prime factors of b?
5
Let i = -11 - -10. Let x = i + -2. Let j = 6 + x. List the prime factors of j.
3
Suppose f - 4*f = 2*d + 9, 0 = 2*f + 10. Suppose -g = -14 + d. Suppose 4*k - 9 = g. List the prime factors of k.
5
Suppose -y - 3 = 3. What are the prime factors of y/(-4) + 99/6?
2, 3
Let s(j) = -5*j - 27. What are the prime factors of s(-22)?
83
Let d(o) = -o + 2. Let s be d(5). List the prime factors of (4 + s + 5)*3.
2, 3
Let o(g) = -28*g + 2. What are the prime factors of o(-5)?
2, 71
Let x = 8 - 0. Suppose 5*i - 7 = x. Suppose 0 = g - i*g + 32. List the prime factors of g.
2
Let y = -373 - -533. What are the prime factors of y?
2, 5
Suppose -4*u - 4*m + 12 = 0, -4*u - 5*m + 12 = -0. Suppose u*t - 7 = 29. List the prime factors of t.
2, 3
Let p be 1 - -4 - -2 - 3. Suppose -